 48?
36
What is the remainder when 17056919 is divided by 54?
47
What is the remainder when 33898 is divided by 5351?
1792
What is the remainder when 291785 is divided by 1357?
30
Calculate the remainder when 369583 is divided by 40902.
1465
Calculate the remainder when 2183742 is divided by 144.
126
Calculate the remainder when 1422567 is divided by 15.
12
What is the remainder when 19503778 is divided by 1055?
1048
Calculate the remainder when 179964 is divided by 1392.
396
What is the remainder when 108163 is divided by 2674?
1203
What is the remainder when 86802531 is divided by 819?
816
Calculate the remainder when 323105 is divided by 322979.
126
What is the remainder when 14031515 is divided by 329?
323
What is the remainder when 3305715 is divided by 17305?
460
Calculate the remainder when 1340319 is divided by 446688.
255
Calculate the remainder when 1540308 is divided by 256718.
0
Calculate the remainder when 28312638 is divided by 279.
276
Calculate the remainder when 395819 is divided by 413.
165
What is the remainder when 1072904 is divided by 18?
14
What is the remainder when 128137 is divided by 5549?
510
What is the remainder when 4539601 is divided by 12610?
1
Calculate the remainder when 8827785 is divided by 4413892.
1
What is the remainder when 4917 is divided by 4354?
563
What is the remainder when 18862610 is divided by 6287522?
44
What is the remainder when 233655 is divided by 25603?
3228
What is the remainder when 43733 is divided by 665?
508
What is the remainder when 57044679 is divided by 7?
6
Calculate the remainder when 83904895 is divided by 71.
6
Calculate the remainder when 1860942 is divided by 620123.
573
What is the remainder when 17941846 is divided by 527701?
12
What is the remainder when 7768124 is divided by 3324?
3260
What is the remainder when 30954262 is divided by 8?
6
What is the remainder when 39334464 is divided by 84048?
0
What is the remainder when 92242 is divided by 68?
34
What is the remainder when 44432 is divided by 2949?
197
What is the remainder when 573038 is divided by 27256?
662
What is the remainder when 192972 is divided by 11131?
3745
Calculate the remainder when 1423473 is divided by 74900.
373
Calculate the remainder when 3143078 is divided by 6033.
5918
Calculate the remainder when 281846 is divided by 37.
17
What is the remainder when 1050793 is divided by 1050494?
299
Calculate the remainder when 248273 is divided by 1395.
1358
Calculate the remainder when 938007 is divided by 65.
57
What is the remainder when 141156 is divided by 1139?
1059
What is the remainder when 5798960 is divided by 130?
50
What is the remainder when 134631 is divided by 67306?
19
What is the remainder when 3679992 is divided by 151?
122
What is the remainder when 12500 is divided by 3040?
340
Calculate the remainder when 25512744 is divided by 240.
24
What is the remainder when 162016 is divided by 19?
3
Calculate the remainder when 4734491 is divided by 881.
878
Calculate the remainder when 60309787 is divided by 7.
6
What is the remainder when 84993 is divided by 27985?
1038
What is the remainder when 1449336 is divided by 28400?
936
Calculate the remainder when 6991109 is divided by 162.
161
Calculate the remainder when 646174 is divided by 714.
4
What is the remainder when 201458097 is divided by 438?
435
Calculate the remainder when 373211870 is divided by 176.
174
What is the remainder when 515339 is divided by 264?
11
What is the remainder when 384181 is divided by 15366?
31
What is the remainder when 69206 is divided by 34472?
262
What is the remainder when 59921470 is divided by 2409?
4
What is the remainder when 788523254 is divided by 6338?
6336
Calculate the remainder when 7804348 is divided by 369.
367
Calculate the remainder when 8862540 is divided by 1772508.
0
Calculate the remainder when 164366 is divided by 2341.
496
Calculate the remainder when 291927 is divided by 4229.
126
Calculate the remainder when 676245 is divided by 88.
53
Calculate the remainder when 308969 is divided by 2396.
2281
What is the remainder when 459621 is divided by 2736?
2709
What is the remainder when 158875 is divided by 1152?
1051
Calculate the remainder when 151212585 is divided by 119.
118
Calculate the remainder when 9969126 is divided by 830760.
6
Calculate the remainder when 315586 is divided by 5676.
3406
Calculate the remainder when 4377596 is divided by 32.
28
What is the remainder when 14400666 is divided by 3988?
3986
What is the remainder when 855531369 is divided by 12?
9
What is the remainder when 100368 is divided by 14328?
72
What is the remainder when 1769016 is divided by 110555?
136
Calculate the remainder when 25866819 is divided by 149.
121
What is the remainder when 339913 is divided by 2533?
491
Calculate the remainder when 32028 is divided by 16005.
18
What is the remainder when 3252955 is divided by 3252907?
48
What is the remainder when 182160 is divided by 926?
664
Calculate the remainder when 75806 is divided by 2526.
26
Calculate the remainder when 219418 is divided by 109699.
20
Calculate the remainder when 49899 is divided by 3311.
234
Calculate the remainder when 28124271 is divided by 77.
21
What is the remainder when 706833 is divided by 235602?
27
What is the remainder when 1217171 is divided by 21735?
11
Calculate the remainder when 360530 is divided by 89395.
2950
Calculate the remainder when 1750096 is divided by 124995.
166
Calculate the remainder when 61024 is divided by 10106.
388
Calculate the remainder when 74978632 is divided by 1980.
1972
Calculate the remainder when 486450 is divided by 21150.
0
Calculate the remainder when 239268 is divided by 5839.
5708
Calculate the remainder when 6914 is divided by 904.
586
What is the remainder when 424276 is divided by 243?
241
Calculate the remainder when 3277831 is divided by 18.
13
What is the remainder when 80926 is divided by 2160?
1006
What is the remainder when 1027257 is divided by 342407?
36
Calculate the remainder when 132078603 is divided by 482.
481
What is the remainder when 955829 is divided by 22228?
25
What is the remainder when 171616 is divided by 136?
120
What is the remainder when 7565570 is divided by 295?
0
What is the remainder when 726861 is divided by 1773?
1704
Calculate the remainder when 829785 is divided by 3143.
33
What is the remainder when 59834 is divided by 1793?
665
Calculate the remainder when 33162044 is divided by 22.
14
What is the remainder when 113150 is divided by 11238?
770
What is the remainder when 6458703 is divided by 5038?
5025
Calculate the remainder when 169619 is divided by 3606.
137
What is the remainder when 528796 is divided by 1043?
1038
Calculate the remainder when 16446 is divided by 2349.
3
What is the remainder when 11290117 is divided by 66?
25
Calculate the remainder when 8215062 is divided by 85573.
54
What is the remainder when 16305 is divided by 16125?
180
Calculate the remainder when 177442 is divided by 35487.
7
Calculate the remainder when 340781 is divided by 135.
41
What is the remainder when 33572 is divided by 55?
22
Calculate the remainder when 1219214 is divided by 296.
286
What is the remainder when 5848668 is divided by 307824?
12
Calculate the remainder when 12581253 is divided by 137.
132
What is the remainder when 3451995 is divided by 1150662?
9
What is the remainder when 164417747 is divided by 5875?
5872
What is the remainder when 994346 is divided by 43?
14
What is the remainder when 3946897 is divided by 1686?
1657
What is the remainder when 204243 is divided by 1352?
91
Calculate the remainder when 70731 is divided by 3855.
1341
Calculate the remainder when 2298898 is divided by 1056.
1042
What is the remainder when 1121521 is divided by 18089?
3
Calculate the remainder when 244558 is divided by 328.
198
What is the remainder when 3927961 is divided by 981975?
61
What is the remainder when 9534497 is divided by 155?
137
Calculate the remainder when 10975406 is divided by 161403.
2
Calculate the remainder when 78924 is divided by 607.
14
What is the remainder when 24184874 is divided by 615?
614
What is the remainder when 7242462 is divided by 188?
138
What is the remainder when 474876 is divided by 88?
28
Calculate the remainder when 261